[INFO] fetching crate lighthouse 0.2.1...
[INFO] building lighthouse-0.2.1 against master#881c1ac408d93bb7adaa3a51dabab9266e82eee8 for issue-85264
[INFO] extracting crate lighthouse 0.2.1 into /workspace/builds/worker-7/source
[INFO] validating manifest of crates.io crate lighthouse 0.2.1 on toolchain 881c1ac408d93bb7adaa3a51dabab9266e82eee8
[INFO] running `Command { std: "/workspace/cargo-home/bin/cargo" "+881c1ac408d93bb7adaa3a51dabab9266e82eee8" "metadata" "--manifest-path" "Cargo.toml" "--no-deps", kill_on_drop: false }`
[INFO] started tweaking crates.io crate lighthouse 0.2.1
[INFO] finished tweaking crates.io crate lighthouse 0.2.1
[INFO] tweaked toml for crates.io crate lighthouse 0.2.1 written to /workspace/builds/worker-7/source/Cargo.toml
[INFO] crate crates.io crate lighthouse 0.2.1 already has a lockfile, it will not be regenerated
[INFO] running `Command { std: "/workspace/cargo-home/bin/cargo" "+881c1ac408d93bb7adaa3a51dabab9266e82eee8" "fetch" "--manifest-path" "Cargo.toml", kill_on_drop: false }`
[INFO] [stderr]  Downloading crates ...
[INFO] [stderr]   Downloaded get_if_addrs-sys v0.1.1
[INFO] [stderr]   Downloaded wasm-bindgen-futures v0.4.14
[INFO] [stderr]   Downloaded js-sys v0.3.41
[INFO] [stderr]   Downloaded palette_derive v0.5.0
[INFO] [stderr]   Downloaded wasm-bindgen-backend v0.2.64
[INFO] [stderr]   Downloaded palette v0.5.0
[INFO] [stderr]   Downloaded wasm-bindgen-macro v0.2.64
[INFO] [stderr]   Downloaded wasm-bindgen-shared v0.2.64
[INFO] [stderr]   Downloaded get_if_addrs v0.5.3
[INFO] [stderr]   Downloaded wasm-bindgen-macro-support v0.2.64
[INFO] [stderr]   Downloaded c_linked_list v1.1.1
[INFO] [stderr]   Downloaded wasm-bindgen v0.2.64
[INFO] [stderr]   Downloaded web-sys v0.3.41
[INFO] [stderr]   Downloaded reqwest v0.10.6
[INFO] [stderr]   Downloaded ssdp v0.7.0
[INFO] running `Command { std: "docker" "create" "-v" "/var/lib/crater-agent-workspace/builds/worker-7/target:/opt/rustwide/target:rw,Z" "-v" "/var/lib/crater-agent-workspace/builds/worker-7/source:/opt/rustwide/workdir:ro,Z" "-v" "/var/lib/crater-agent-workspace/cargo-home:/opt/rustwide/cargo-home:ro,Z" "-v" "/var/lib/crater-agent-workspace/rustup-home:/opt/rustwide/rustup-home:ro,Z" "-e" "SOURCE_DIR=/opt/rustwide/workdir" "-e" "CARGO_TARGET_DIR=/opt/rustwide/target" "-e" "CARGO_HOME=/opt/rustwide/cargo-home" "-e" "RUSTUP_HOME=/opt/rustwide/rustup-home" "-w" "/opt/rustwide/workdir" "-m" "1610612736" "--user" "0:0" "--network" "none" "ghcr.io/rust-lang/crates-build-env/linux@sha256:20528e8c29e4536546f0102ce88568b16ea7538393a33fcca951030f7af10457" "/opt/rustwide/cargo-home/bin/cargo" "+881c1ac408d93bb7adaa3a51dabab9266e82eee8" "metadata" "--no-deps" "--format-version=1", kill_on_drop: false }`
[INFO] [stdout] d3bf8915ccb586e1bc842d908cc08fc95debd3552713231e282a3646107a4a5d
[INFO] [stderr] WARNING: Your kernel does not support swap limit capabilities or the cgroup is not mounted. Memory limited without swap.
[INFO] running `Command { std: "docker" "start" "-a" "d3bf8915ccb586e1bc842d908cc08fc95debd3552713231e282a3646107a4a5d", kill_on_drop: false }`
[INFO] running `Command { std: "docker" "inspect" "d3bf8915ccb586e1bc842d908cc08fc95debd3552713231e282a3646107a4a5d", kill_on_drop: false }`
[INFO] running `Command { std: "docker" "rm" "-f" "d3bf8915ccb586e1bc842d908cc08fc95debd3552713231e282a3646107a4a5d", kill_on_drop: false }`
[INFO] [stdout] d3bf8915ccb586e1bc842d908cc08fc95debd3552713231e282a3646107a4a5d
[INFO] running `Command { std: "docker" "create" "-v" "/var/lib/crater-agent-workspace/builds/worker-7/target:/opt/rustwide/target:rw,Z" "-v" "/var/lib/crater-agent-workspace/builds/worker-7/source:/opt/rustwide/workdir:ro,Z" "-v" "/var/lib/crater-agent-workspace/cargo-home:/opt/rustwide/cargo-home:ro,Z" "-v" "/var/lib/crater-agent-workspace/rustup-home:/opt/rustwide/rustup-home:ro,Z" "-e" "SOURCE_DIR=/opt/rustwide/workdir" "-e" "CARGO_TARGET_DIR=/opt/rustwide/target" "-e" "CARGO_INCREMENTAL=0" "-e" "RUST_BACKTRACE=full" "-e" "RUSTFLAGS=--cap-lints=forbid" "-e" "CARGO_HOME=/opt/rustwide/cargo-home" "-e" "RUSTUP_HOME=/opt/rustwide/rustup-home" "-w" "/opt/rustwide/workdir" "-m" "1610612736" "--user" "0:0" "--network" "none" "ghcr.io/rust-lang/crates-build-env/linux@sha256:20528e8c29e4536546f0102ce88568b16ea7538393a33fcca951030f7af10457" "/opt/rustwide/cargo-home/bin/cargo" "+881c1ac408d93bb7adaa3a51dabab9266e82eee8" "build" "--frozen" "--message-format=json", kill_on_drop: false }`
[INFO] [stdout] 7b5bc4a503e571cc7f45e80cbd3cafb64d7d8f5a20fcb24aaa6b07cf2d070a4e
[INFO] [stderr] WARNING: Your kernel does not support swap limit capabilities or the cgroup is not mounted. Memory limited without swap.
[INFO] running `Command { std: "docker" "start" "-a" "7b5bc4a503e571cc7f45e80cbd3cafb64d7d8f5a20fcb24aaa6b07cf2d070a4e", kill_on_drop: false }`
[INFO] [stderr]    Compiling libc v0.2.72
[INFO] [stderr]    Compiling proc-macro2 v1.0.18
[INFO] [stderr]    Compiling syn v1.0.33
[INFO] [stderr]    Compiling version_check v0.9.2
[INFO] [stderr]    Compiling bytes v0.5.5
[INFO] [stderr]    Compiling byteorder v1.3.4
[INFO] [stderr]    Compiling gimli v0.22.0
[INFO] [stderr]    Compiling adler v0.2.3
[INFO] [stderr]    Compiling object v0.20.0
[INFO] [stderr]    Compiling safemem v0.3.3
[INFO] [stderr]    Compiling try-lock v0.2.3
[INFO] [stderr]    Compiling c_linked_list v1.1.1
[INFO] [stderr]    Compiling mime v0.3.16
[INFO] [stderr]    Compiling indexmap v1.4.0
[INFO] [stderr]    Compiling log v0.4.8
[INFO] [stderr]    Compiling idna v0.1.5
[INFO] [stderr]    Compiling idna v0.2.0
[INFO] [stderr]    Compiling encoding_rs v0.8.23
[INFO] [stderr]    Compiling miniz_oxide v0.4.0
[INFO] [stderr]    Compiling log v0.3.9
[INFO] [stderr]    Compiling want v0.3.0
[INFO] [stderr]    Compiling mime v0.2.6
[INFO] [stderr]    Compiling unicase v2.6.0
[INFO] [stderr]    Compiling url v1.7.2
[INFO] [stderr]    Compiling http v0.2.1
[INFO] [stderr]    Compiling url v2.1.1
[INFO] [stderr]    Compiling net2 v0.2.34
[INFO] [stderr]    Compiling iovec v0.1.4
[INFO] [stderr]    Compiling time v0.1.43
[INFO] [stderr]    Compiling socket2 v0.3.12
[INFO] [stderr]    Compiling num_cpus v1.13.0
[INFO] [stderr]    Compiling get_if_addrs v0.5.3
[INFO] [stderr]    Compiling base64 v0.9.3
[INFO] [stderr]    Compiling mime_guess v2.0.3
[INFO] [stderr]    Compiling quote v1.0.7
[INFO] [stderr]    Compiling mio v0.6.22
[INFO] [stderr]    Compiling hyper v0.10.16
[INFO] [stderr]    Compiling tokio v0.2.21
[INFO] [stderr]    Compiling addr2line v0.13.0
[INFO] [stderr]    Compiling backtrace v0.3.50
[INFO] [stderr]    Compiling http-body v0.3.1
[INFO] [stderr]    Compiling error-chain v0.10.0
[INFO] [stderr]    Compiling ssdp v0.7.0
[INFO] [stderr]    Compiling tokio-util v0.3.1
[INFO] [stderr]    Compiling pin-project-internal v0.4.22
[INFO] [stderr]    Compiling futures-macro v0.3.5
[INFO] [stderr]    Compiling serde_derive v1.0.114
[INFO] [stderr]    Compiling pin-project v0.4.22
[INFO] [stderr]    Compiling futures-util v0.3.5
[INFO] [stderr]    Compiling serde v1.0.114
[INFO] [stderr]    Compiling h2 v0.2.5
[INFO] [stderr]    Compiling futures-executor v0.3.5
[INFO] [stderr]    Compiling futures v0.3.5
[INFO] [stderr]    Compiling hyper v0.13.6
[INFO] [stderr]    Compiling serde_json v1.0.56
[INFO] [stderr]    Compiling serde_urlencoded v0.6.1
[INFO] [stderr]    Compiling reqwest v0.10.6
[INFO] [stderr]    Compiling lighthouse v0.2.1 (/opt/rustwide/workdir)
[INFO] [stderr]     Finished dev [unoptimized + debuginfo] target(s) in 2m 10s
[INFO] running `Command { std: "docker" "inspect" "7b5bc4a503e571cc7f45e80cbd3cafb64d7d8f5a20fcb24aaa6b07cf2d070a4e", kill_on_drop: false }`
[INFO] running `Command { std: "docker" "rm" "-f" "7b5bc4a503e571cc7f45e80cbd3cafb64d7d8f5a20fcb24aaa6b07cf2d070a4e", kill_on_drop: false }`
[INFO] [stdout] 7b5bc4a503e571cc7f45e80cbd3cafb64d7d8f5a20fcb24aaa6b07cf2d070a4e
[INFO] running `Command { std: "docker" "create" "-v" "/var/lib/crater-agent-workspace/builds/worker-7/target:/opt/rustwide/target:rw,Z" "-v" "/var/lib/crater-agent-workspace/builds/worker-7/source:/opt/rustwide/workdir:ro,Z" "-v" "/var/lib/crater-agent-workspace/cargo-home:/opt/rustwide/cargo-home:ro,Z" "-v" "/var/lib/crater-agent-workspace/rustup-home:/opt/rustwide/rustup-home:ro,Z" "-e" "SOURCE_DIR=/opt/rustwide/workdir" "-e" "CARGO_TARGET_DIR=/opt/rustwide/target" "-e" "CARGO_INCREMENTAL=0" "-e" "RUST_BACKTRACE=full" "-e" "RUSTFLAGS=--cap-lints=forbid" "-e" "CARGO_HOME=/opt/rustwide/cargo-home" "-e" "RUSTUP_HOME=/opt/rustwide/rustup-home" "-w" "/opt/rustwide/workdir" "-m" "1610612736" "--user" "0:0" "--network" "none" "ghcr.io/rust-lang/crates-build-env/linux@sha256:20528e8c29e4536546f0102ce88568b16ea7538393a33fcca951030f7af10457" "/opt/rustwide/cargo-home/bin/cargo" "+881c1ac408d93bb7adaa3a51dabab9266e82eee8" "test" "--frozen" "--no-run" "--message-format=json", kill_on_drop: false }`
[INFO] [stdout] bb6036256b7cd1c6af080972d9fa8536249769edce30d0ec205f29cabb367e9e
[INFO] [stderr] WARNING: Your kernel does not support swap limit capabilities or the cgroup is not mounted. Memory limited without swap.
[INFO] running `Command { std: "docker" "start" "-a" "bb6036256b7cd1c6af080972d9fa8536249769edce30d0ec205f29cabb367e9e", kill_on_drop: false }`
[INFO] [stderr]    Compiling lighthouse v0.2.1 (/opt/rustwide/workdir)
[INFO] [stdout] warning: variable does not need to be mutable
[INFO] [stdout]  --> examples/registration.rs:6:9
[INFO] [stdout]   |
[INFO] [stdout] 6 |     let mut b = bridge::Bridge::try_register(true);
[INFO] [stdout]   |         ----^
[INFO] [stdout]   |         |
[INFO] [stdout]   |         help: remove this `mut`
[INFO] [stdout]   |
[INFO] [stdout]   = note: `#[warn(unused_mut)]` on by default
[INFO] [stdout] 
[INFO] [stdout] 
[INFO] [stdout] error[E0599]: no method named `to_file` found for struct `Bridge` in the current scope
[INFO] [stdout]  --> examples/save_bridge.rs:9:7
[INFO] [stdout]   |
[INFO] [stdout] 9 |     b.to_file(filename);
[INFO] [stdout]   |       ^^^^^^^ method not found in `Bridge`
[INFO] [stdout] 
[INFO] [stdout] 
[INFO] [stdout] error[E0599]: no function or associated item named `from_file` found for struct `Bridge` in the current scope
[INFO] [stdout]   --> examples/save_bridge.rs:10:21
[INFO] [stdout]    |
[INFO] [stdout] 10 |     bridge::Bridge::from_file(filename);
[INFO] [stdout]    |                     ^^^^^^^^^ function or associated item not found in `Bridge`
[INFO] [stdout] 
[INFO] [stdout] 
[INFO] [stdout] error: aborting due to 2 previous errors
[INFO] [stdout] 
[INFO] [stdout] 
[INFO] [stdout] For more information about this error, try `rustc --explain E0599`.
[INFO] [stdout] 
[INFO] [stderr] error: could not compile `lighthouse`
[INFO] [stderr] 
[INFO] [stderr] To learn more, run the command again with --verbose.
[INFO] [stderr] warning: build failed, waiting for other jobs to finish...
[INFO] [stdout] error[E0599]: no method named `to_file` found for struct `Bridge` in the current scope
[INFO] [stdout]    --> src/lib.rs:740:15
[INFO] [stdout]     |
[INFO] [stdout] 127 |     pub struct Bridge {
[INFO] [stdout]     |     ----------------- method `to_file` not found for this
[INFO] [stdout] ...
[INFO] [stdout] 740 |             b.to_file(filename);
[INFO] [stdout]     |               ^^^^^^^ method not found in `Bridge`
[INFO] [stdout] 
[INFO] [stdout] 
[INFO] [stdout] error[E0599]: no function or associated item named `from_file` found for struct `Bridge` in the current scope
[INFO] [stdout]    --> src/lib.rs:742:38
[INFO] [stdout]     |
[INFO] [stdout] 127 |     pub struct Bridge {
[INFO] [stdout]     |     ----------------- function or associated item `from_file` not found for this
[INFO] [stdout] ...
[INFO] [stdout] 742 |             let b2 = bridge::Bridge::from_file(filename).unwrap();
[INFO] [stdout]     |                                      ^^^^^^^^^ function or associated item not found in `Bridge`
[INFO] [stdout] 
[INFO] [stdout] 
[INFO] [stdout] error: aborting due to 2 previous errors
[INFO] [stdout] 
[INFO] [stdout] 
[INFO] [stdout] For more information about this error, try `rustc --explain E0599`.
[INFO] [stdout] 
[INFO] [stdout] warning: 1 warning emitted
[INFO] [stdout] 
[INFO] [stdout] 
[INFO] [stderr] error: build failed
[INFO] running `Command { std: "docker" "inspect" "bb6036256b7cd1c6af080972d9fa8536249769edce30d0ec205f29cabb367e9e", kill_on_drop: false }`
[INFO] running `Command { std: "docker" "rm" "-f" "bb6036256b7cd1c6af080972d9fa8536249769edce30d0ec205f29cabb367e9e", kill_on_drop: false }`
[INFO] [stdout] bb6036256b7cd1c6af080972d9fa8536249769edce30d0ec205f29cabb367e9e
